{"id":1125,"date":"2021-01-09T14:55:08","date_gmt":"2021-01-09T13:55:08","guid":{"rendered":"http:\/\/wp.widukinds-waechter.de\/?page_id=1125"},"modified":"2021-01-09T15:00:31","modified_gmt":"2021-01-09T14:00:31","slug":"spielphilosophie","status":"publish","type":"page","link":"https:\/\/widukinds-waechter.de\/?page_id=1125","title":{"rendered":"Spielphilosophie"},"content":{"rendered":"\t\t<div data-elementor-type=\"wp-page\" data-elementor-id=\"1125\" class=\"elementor elementor-1125\">\n\t\t\t\t\t\t<section class=\"elementor-section elementor-top-section elementor-element elementor-element-cbf894c elementor-section-boxed elementor-section-height-default elementor-section-height-default\" data-id=\"cbf894c\" data-element_type=\"section\" data-e-type=\"section\">\n\t\t\t\t\t\t<div class=\"elementor-container elementor-column-gap-default\">\n\t\t\t\t\t<div class=\"elementor-column elementor-col-100 elementor-top-column elementor-element elementor-element-78680ca\" data-id=\"78680ca\" data-element_type=\"column\" data-e-type=\"column\">\n\t\t\t<div class=\"elementor-widget-wrap elementor-element-populated\">\n\t\t\t\t\t\t<div class=\"elementor-element elementor-element-96a01e4 elementor-widget elementor-widget-heading\" data-id=\"96a01e4\" data-element_type=\"widget\" data-e-type=\"widget\" data-widget_type=\"heading.default\">\n\t\t\t\t<div class=\"elementor-widget-container\">\n\t\t\t\t\t<h2 class=\"elementor-heading-title elementor-size-default\">Vorwort<\/h2>\t\t\t\t<\/div>\n\t\t\t\t<\/div>\n\t\t\t\t\t<\/div>\n\t\t<\/div>\n\t\t\t\t\t<\/div>\n\t\t<\/section>\n\t\t\t\t<section class=\"elementor-section elementor-top-section elementor-element elementor-element-ed0cba0 elementor-section-boxed elementor-section-height-default elementor-section-height-default\" data-id=\"ed0cba0\" data-element_type=\"section\" data-e-type=\"section\">\n\t\t\t\t\t\t<div class=\"elementor-container elementor-column-gap-default\">\n\t\t\t\t\t<div class=\"elementor-column elementor-col-100 elementor-top-column elementor-element elementor-element-3ba6e68\" data-id=\"3ba6e68\" data-element_type=\"column\" data-e-type=\"column\">\n\t\t\t<div class=\"elementor-widget-wrap elementor-element-populated\">\n\t\t\t\t\t\t<div class=\"elementor-element elementor-element-9d0d7c9 elementor-widget elementor-widget-text-editor\" data-id=\"9d0d7c9\" data-element_type=\"widget\" data-e-type=\"widget\" data-widget_type=\"text-editor.default\">\n\t\t\t\t<div class=\"elementor-widget-container\">\n\t\t\t\t\t\t\t\t\tWir als Gruppe, Verein, Rollenspieler und Menschen ver\u00e4ndern uns, wachsen und diskutieren und \u00e4ndern unsere Einstellungen. Diesen Punkten wollen wir Rechnung tragen, indem wir auch die Inhalte unserer Website anpassen oder auch konkretisieren. F\u00fcr all diejenigen, die sich bereits diesen Bereich mal durchgelesen haben: Hier hat sich einiges ver\u00e4ndert, aber nicht alles ;-). \t\t\t\t\t\t\t\t<\/div>\n\t\t\t\t<\/div>\n\t\t\t\t\t<\/div>\n\t\t<\/div>\n\t\t\t\t\t<\/div>\n\t\t<\/section>\n\t\t\t\t<section class=\"elementor-section elementor-top-section elementor-element elementor-element-57780be elementor-section-boxed elementor-section-height-default elementor-section-height-default\" data-id=\"57780be\" data-element_type=\"section\" data-e-type=\"section\">\n\t\t\t\t\t\t<div class=\"elementor-container elementor-column-gap-default\">\n\t\t\t\t\t<div class=\"elementor-column elementor-col-100 elementor-top-column elementor-element elementor-element-c8ea0c0\" data-id=\"c8ea0c0\" data-element_type=\"column\" data-e-type=\"column\">\n\t\t\t<div class=\"elementor-widget-wrap elementor-element-populated\">\n\t\t\t\t\t\t<div class=\"elementor-element elementor-element-8d89922 elementor-widget elementor-widget-accordion\" data-id=\"8d89922\" data-element_type=\"widget\" data-e-type=\"widget\" data-widget_type=\"accordion.default\">\n\t\t\t\t<div class=\"elementor-widget-container\">\n\t\t\t\t\t\t\t<div class=\"elementor-accordion\">\n\t\t\t\t\t\t\t<div class=\"elementor-accordion-item\">\n\t\t\t\t\t<div id=\"elementor-tab-title-1481\" class=\"elementor-tab-title\" data-tab=\"1\" role=\"button\" aria-controls=\"elementor-tab-content-1481\" aria-expanded=\"false\">\n\t\t\t\t\t\t\t\t\t\t\t\t\t<span class=\"elementor-accordion-icon elementor-accordion-icon-left\" aria-hidden=\"true\">\n\t\t\t\t\t\t\t\t\t\t\t\t\t\t\t<span class=\"elementor-accordion-icon-closed\"><i class=\"fas fa-plus\"><\/i><\/span>\n\t\t\t\t\t\t\t\t<span class=\"elementor-accordion-icon-opened\"><i class=\"fas fa-minus\"><\/i><\/span>\n\t\t\t\t\t\t\t\t\t\t\t\t\t\t<\/span>\n\t\t\t\t\t\t\t\t\t\t\t\t<a class=\"elementor-accordion-title\" tabindex=\"0\">Was bedeutet Liverollenspiel f\u00fcr uns?<\/a>\n\t\t\t\t\t<\/div>\n\t\t\t\t\t<div id=\"elementor-tab-content-1481\" class=\"elementor-tab-content elementor-clearfix\" data-tab=\"1\" role=\"region\" aria-labelledby=\"elementor-tab-title-1481\">Das Erschaffen und Erleben einer faszinieren, fantastischen Welt. Das Einhauchen von Leben und die Weiterentwicklung der von uns gespielten Charaktere. Abenteuer, die gruselig, spannend oder auch fordernd sein k\u00f6nnen. Anstrengende K\u00e4mpfe und Schlachten. Verzwickte Verwicklungen oder schwierige R\u00e4tsel. Das alles ist f\u00fcr uns Larp, wobei nat\u00fcrlich jeder seine Favoriten hat.<\/div>\n\t\t\t\t<\/div>\n\t\t\t\t\t\t\t<div class=\"elementor-accordion-item\">\n\t\t\t\t\t<div id=\"elementor-tab-title-1482\" class=\"elementor-tab-title\" data-tab=\"2\" role=\"button\" aria-controls=\"elementor-tab-content-1482\" aria-expanded=\"false\">\n\t\t\t\t\t\t\t\t\t\t\t\t\t<span class=\"elementor-accordion-icon elementor-accordion-icon-left\" aria-hidden=\"true\">\n\t\t\t\t\t\t\t\t\t\t\t\t\t\t\t<span class=\"elementor-accordion-icon-closed\"><i class=\"fas fa-plus\"><\/i><\/span>\n\t\t\t\t\t\t\t\t<span class=\"elementor-accordion-icon-opened\"><i class=\"fas fa-minus\"><\/i><\/span>\n\t\t\t\t\t\t\t\t\t\t\t\t\t\t<\/span>\n\t\t\t\t\t\t\t\t\t\t\t\t<a class=\"elementor-accordion-title\" tabindex=\"0\">Wie verhalten wir uns als Spieler?<\/a>\n\t\t\t\t\t<\/div>\n\t\t\t\t\t<div id=\"elementor-tab-content-1482\" class=\"elementor-tab-content elementor-clearfix\" data-tab=\"2\" role=\"region\" aria-labelledby=\"elementor-tab-title-1482\">Wir legen sehr viel Wert auf die Darstellung unserer Charaktere. Das f\u00e4ngt bei der Charaktergeschichte und dem Hintergrund an und geht weiter mit der Ausr\u00fcstung: Gewandung, Habseligkeiten, Zelt &#8211; am besten finden wir es, wenn alles so ambientig wie m\u00f6glich ist. OT-Blasen vermeiden wir. Sollte es etwas OT zu kl\u00e4ren geben, st\u00f6ren wir dabei niemanden in seinem Spiel. Uns ist es wichtig, gemeinsam mit anderen zu spielen und das bedeutet auch, dass wir keine Charakter einfach t\u00f6ten oder in sein Spiel destruktiv eingreifen. Es gibt andere M\u00f6glichkeiten als &#8222;Charaktermord&#8220; oder &#8222;Charakterverst\u00fcmmlung&#8220;, wenn man auf Feinde trifft. Darstellung geht bei uns auf jeden Fall vor Telling. So wird z.B. nicht \u00fcber R\u00fcstung verbunden &#8222;weil, eigentlich zieh ich die dir ja aus&#8220;, sondern diese wird wirklich vorm Verbinden ausgezogen. Da wir so viel Wert auf Darstellung legen, verwundert es nicht, dass die meisten unserer Mitglieder DKWDDK bevorzugen.<\/div>\n\t\t\t\t<\/div>\n\t\t\t\t\t\t\t<div class=\"elementor-accordion-item\">\n\t\t\t\t\t<div id=\"elementor-tab-title-1483\" class=\"elementor-tab-title\" data-tab=\"3\" role=\"button\" aria-controls=\"elementor-tab-content-1483\" aria-expanded=\"false\">\n\t\t\t\t\t\t\t\t\t\t\t\t\t<span class=\"elementor-accordion-icon elementor-accordion-icon-left\" aria-hidden=\"true\">\n\t\t\t\t\t\t\t\t\t\t\t\t\t\t\t<span class=\"elementor-accordion-icon-closed\"><i class=\"fas fa-plus\"><\/i><\/span>\n\t\t\t\t\t\t\t\t<span class=\"elementor-accordion-icon-opened\"><i class=\"fas fa-minus\"><\/i><\/span>\n\t\t\t\t\t\t\t\t\t\t\t\t\t\t<\/span>\n\t\t\t\t\t\t\t\t\t\t\t\t<a class=\"elementor-accordion-title\" tabindex=\"0\">Welche Spielphilosophie liegt unseren Veranstaltungen zugrunde?<\/a>\n\t\t\t\t\t<\/div>\n\t\t\t\t\t<div id=\"elementor-tab-content-1483\" class=\"elementor-tab-content elementor-clearfix\" data-tab=\"3\" role=\"region\" aria-labelledby=\"elementor-tab-title-1483\">Spa\u00df, Spannung, Ausspielen und Darstellung. Wir wollen mit allen Spielern, egal ob SC oder NSC, eine stimmungsvolle Atmosph\u00e4re erschaffen. Deswegen erwarten wir von jedem, dass er sich M\u00fche mit seiner Gewandung und Ausr\u00fcstung gibt. Hierbei unterst\u00fctzen wir auch gerne. Schaut euch hierzu auch unseren <a class=\"wikilink\" title=\"\" href=\"http:\/\/www.widukinds-waechter.de\/Larp\/GewandungsCheck\">GewandungsCheck<\/a> an.<\/div>\n\t\t\t\t<\/div>\n\t\t\t\t\t\t\t<div class=\"elementor-accordion-item\">\n\t\t\t\t\t<div id=\"elementor-tab-title-1484\" class=\"elementor-tab-title\" data-tab=\"4\" role=\"button\" aria-controls=\"elementor-tab-content-1484\" aria-expanded=\"false\">\n\t\t\t\t\t\t\t\t\t\t\t\t\t<span class=\"elementor-accordion-icon elementor-accordion-icon-left\" aria-hidden=\"true\">\n\t\t\t\t\t\t\t\t\t\t\t\t\t\t\t<span class=\"elementor-accordion-icon-closed\"><i class=\"fas fa-plus\"><\/i><\/span>\n\t\t\t\t\t\t\t\t<span class=\"elementor-accordion-icon-opened\"><i class=\"fas fa-minus\"><\/i><\/span>\n\t\t\t\t\t\t\t\t\t\t\t\t\t\t<\/span>\n\t\t\t\t\t\t\t\t\t\t\t\t<a class=\"elementor-accordion-title\" tabindex=\"0\">Low - High Fantasy<\/a>\n\t\t\t\t\t<\/div>\n\t\t\t\t\t<div id=\"elementor-tab-content-1484\" class=\"elementor-tab-content elementor-clearfix\" data-tab=\"4\" role=\"region\" aria-labelledby=\"elementor-tab-title-1484\">Es gibt keine genaue Definiton, was High-, Middle- und Lowfantasy ist. Deswegen hat es in der Vergangenheit Missverst\u00e4ndnisse gegeben. Aus diesem Grunde werden wir uns nicht mehr festlegen, sondern im Vorfeld unserer Veranstaltungen bekannt geben, in welche Richtung es geht und was ihr erwarten k\u00f6nnt.\n<br><br>\nEins ist jedoch wichtig, auch bei einem Highfantasy-Con. Die Darstellung. Wenn jemand meint, eine besondere Kreatur spielen zu wollen, dann sollte die Darstellung auch entsprechend sein, nicht nur Kontaktlinsen, angeklebte Ohren und etwas Schminke im Gesicht. <\/div>\n\t\t\t\t<\/div>\n\t\t\t\t\t\t\t<div class=\"elementor-accordion-item\">\n\t\t\t\t\t<div id=\"elementor-tab-title-1485\" class=\"elementor-tab-title\" data-tab=\"5\" role=\"button\" aria-controls=\"elementor-tab-content-1485\" aria-expanded=\"false\">\n\t\t\t\t\t\t\t\t\t\t\t\t\t<span class=\"elementor-accordion-icon elementor-accordion-icon-left\" aria-hidden=\"true\">\n\t\t\t\t\t\t\t\t\t\t\t\t\t\t\t<span class=\"elementor-accordion-icon-closed\"><i class=\"fas fa-plus\"><\/i><\/span>\n\t\t\t\t\t\t\t\t<span class=\"elementor-accordion-icon-opened\"><i class=\"fas fa-minus\"><\/i><\/span>\n\t\t\t\t\t\t\t\t\t\t\t\t\t\t<\/span>\n\t\t\t\t\t\t\t\t\t\t\t\t<a class=\"elementor-accordion-title\" tabindex=\"0\">Low - High Power<\/a>\n\t\t\t\t\t<\/div>\n\t\t\t\t\t<div id=\"elementor-tab-content-1485\" class=\"elementor-tab-content elementor-clearfix\" data-tab=\"5\" role=\"region\" aria-labelledby=\"elementor-tab-title-1485\">Auch wenn wir uns jetzt weniger Grenzen setzen und vielleicht auch Cons mit einem h\u00f6hreren Fantasy-Level anbieten, \u00fcberm\u00e4chtige Charaktere, Magie als Allzweckwerkzeug und Feuerballwurfger\u00e4te wird es nicht geben.<\/div>\n\t\t\t\t<\/div>\n\t\t\t\t\t\t\t\t<\/div>\n\t\t\t\t\t\t<\/div>\n\t\t\t\t<\/div>\n\t\t\t\t\t<\/div>\n\t\t<\/div>\n\t\t\t\t\t<\/div>\n\t\t<\/section>\n\t\t\t\t<\/div>\n\t\t","protected":false},"excerpt":{"rendered":"<p>Vorwort Wir als Gruppe, Verein, Rollenspieler und Menschen ver\u00e4ndern uns, wachsen und diskutieren und \u00e4ndern unsere Einstellungen. Diesen Punkten wollen wir Rechnung tragen, indem wir auch die Inhalte unserer Website anpassen oder auch konkretisieren. F\u00fcr all diejenigen, die sich bereits diesen Bereich mal durchgelesen haben: Hier hat sich einiges ver\u00e4ndert, aber nicht alles ;-). Was [&hellip;]<\/p>\n","protected":false},"author":1,"featured_media":0,"parent":0,"menu_order":0,"comment_status":"closed","ping_status":"closed","template":"","meta":{"footnotes":""},"class_list":["post-1125","page","type-page","status-publish","hentry"],"_links":{"self":[{"href":"https:\/\/widukinds-waechter.de\/index.php?rest_route=\/wp\/v2\/pages\/1125","targetHints":{"allow":["GET"]}}],"collection":[{"href":"https:\/\/widukinds-waechter.de\/index.php?rest_route=\/wp\/v2\/pages"}],"about":[{"href":"https:\/\/widukinds-waechter.de\/index.php?rest_route=\/wp\/v2\/types\/page"}],"author":[{"embeddable":true,"href":"https:\/\/widukinds-waechter.de\/index.php?rest_route=\/wp\/v2\/users\/1"}],"replies":[{"embeddable":true,"href":"https:\/\/widukinds-waechter.de\/index.php?rest_route=%2Fwp%2Fv2%2Fcomments&post=1125"}],"version-history":[{"count":4,"href":"https:\/\/widukinds-waechter.de\/index.php?rest_route=\/wp\/v2\/pages\/1125\/revisions"}],"predecessor-version":[{"id":1146,"href":"https:\/\/widukinds-waechter.de\/index.php?rest_route=\/wp\/v2\/pages\/1125\/revisions\/1146"}],"wp:attachment":[{"href":"https:\/\/widukinds-waechter.de\/index.php?rest_route=%2Fwp%2Fv2%2Fmedia&parent=1125"}],"curies":[{"name":"wp","href":"https:\/\/api.w.org\/{rel}","templated":true}]}}