{"id":399,"date":"2021-01-06T21:39:43","date_gmt":"2021-01-06T20:39:43","guid":{"rendered":"http:\/\/wp.widukinds-waechter.de\/?page_id=399"},"modified":"2021-01-10T17:14:42","modified_gmt":"2021-01-10T16:14:42","slug":"fuer-neulinge","status":"publish","type":"page","link":"https:\/\/widukinds-waechter.de\/?page_id=399","title":{"rendered":"F\u00fcr Neulinge"},"content":{"rendered":"\t\t<div data-elementor-type=\"wp-page\" data-elementor-id=\"399\" class=\"elementor elementor-399\">\n\t\t\t\t\t\t<section class=\"elementor-section elementor-top-section elementor-element elementor-element-c2c6c06 elementor-section-boxed elementor-section-height-default elementor-section-height-default\" data-id=\"c2c6c06\" data-element_type=\"section\" data-e-type=\"section\">\n\t\t\t\t\t\t<div class=\"elementor-container elementor-column-gap-default\">\n\t\t\t\t\t<div class=\"elementor-column elementor-col-100 elementor-top-column elementor-element elementor-element-cb041d2\" data-id=\"cb041d2\" data-element_type=\"column\" data-e-type=\"column\">\n\t\t\t<div class=\"elementor-widget-wrap elementor-element-populated\">\n\t\t\t\t\t\t<section class=\"elementor-section elementor-inner-section elementor-element elementor-element-c132bf9 elementor-section-boxed elementor-section-height-default elementor-section-height-default\" data-id=\"c132bf9\" data-element_type=\"section\" data-e-type=\"section\">\n\t\t\t\t\t\t<div class=\"elementor-container elementor-column-gap-default\">\n\t\t\t\t\t<div class=\"elementor-column elementor-col-50 elementor-inner-column elementor-element elementor-element-791e66e\" data-id=\"791e66e\" data-element_type=\"column\" data-e-type=\"column\">\n\t\t\t<div class=\"elementor-widget-wrap elementor-element-populated\">\n\t\t\t\t\t\t<div class=\"elementor-element elementor-element-81e5139 elementor-widget elementor-widget-accordion\" data-id=\"81e5139\" data-element_type=\"widget\" data-e-type=\"widget\" data-widget_type=\"accordion.default\">\n\t\t\t\t<div class=\"elementor-widget-container\">\n\t\t\t\t\t\t\t<div class=\"elementor-accordion\">\n\t\t\t\t\t\t\t<div class=\"elementor-accordion-item\">\n\t\t\t\t\t<div id=\"elementor-tab-title-1361\" class=\"elementor-tab-title\" data-tab=\"1\" role=\"button\" aria-controls=\"elementor-tab-content-1361\" aria-expanded=\"false\">\n\t\t\t\t\t\t\t\t\t\t\t\t\t<span class=\"elementor-accordion-icon elementor-accordion-icon-left\" aria-hidden=\"true\">\n\t\t\t\t\t\t\t\t\t\t\t\t\t\t\t<span class=\"elementor-accordion-icon-closed\"><i class=\"fas fa-plus\"><\/i><\/span>\n\t\t\t\t\t\t\t\t<span class=\"elementor-accordion-icon-opened\"><i class=\"fas fa-minus\"><\/i><\/span>\n\t\t\t\t\t\t\t\t\t\t\t\t\t\t<\/span>\n\t\t\t\t\t\t\t\t\t\t\t\t<a class=\"elementor-accordion-title\" tabindex=\"0\">Was ist LARP<\/a>\n\t\t\t\t\t<\/div>\n\t\t\t\t\t<div id=\"elementor-tab-content-1361\" class=\"elementor-tab-content elementor-clearfix\" data-tab=\"1\" role=\"region\" aria-labelledby=\"elementor-tab-title-1361\">Erst einmal &#8211; und wer h\u00e4tte das gedacht &#8211; ist Liverollenspiel (LARP) ein Spiel. Im Grunde genommen ist es eine Art &#8222;Cowboy und Indianer&#8220; f\u00fcr Erwachsene. Wohl jeder hat sich als Kind mal eine Kriegsbemalung ins Gesicht gemalt, eine Feder in das Haar gesteckt und ist dann als &#8222;H\u00e4uptling Adlerauge&#8220; mit Freunden im Garten auf Kriegspfad herumgeschlichen.\n<br><br>Und wenn man will, kann man das eigentlich schon als ein Liverollenspiel betrachten, denn eben darum geht es bei einem LARP. Man schl\u00fcpft in die Rolle einer anderen Person, sei es nun in die eines Indianerh\u00e4uptlings oder eines edlen Ritters der Tafelrunde, und versetzt sich, zusammen mit anderen Spielern, in diese Phantasiewelt um dort Abenteuer zu erleben. Und da wir ja mittlerweile alle schon etwas gr\u00f6\u00dfere &#8222;Kinder&#8220; sind, wird das ganze dann auch etwas gr\u00f6\u00dfer aufgezogen. Anstatt der Feder im Haar ziehen wir uns selbstgemachte oder gekaufte Kost\u00fcme (&#8222;Gewandungen&#8220;) an, und anstatt des Gartens wird z.B. eine echte Burg angemietet. Au\u00dferdem spielen an so einem LARP oft weit \u00fcber 100 Leute mit, und die meisten Liverollenspiele dauern mehrere Tage (z.B. ein Wochenende).\n<br><br>Normalerweise ist es so, dass Liverollenspiele in einer mittelalterlichen Fantasy-Welt im Stil von Tolkiens &#8222;Der Herr der Ringe&#8220; spielen, also mit Rittern, K\u00f6nigen, Magiern, Hexen, Monstern, Elfen, Zwergen und was sonst noch alles dazugeh\u00f6rt&#8230;&#8220;&#8220;\n<br><em>Dieser kleine Textauszug stammt von http:\/\/www.larpfaq.de.<\/em>\n<br><br>Dort bekommt man einen sehr guten \u00dcberblick zum Thema &#8211; leider ohne Bilder, daf\u00fcr mit viel gutem Text, der \u00fcber die Jahre gewachsen ist. Wir w\u00fcrden euch empfehlen, an dieser Stelle erst einmal das Larpfaq zu besuchen und dort weiterzulesen. Anschlie\u00dfend k\u00f6nnt ihr wieder hierher zur\u00fcckkehren und uns mit euren Fragen l\u00f6chern \ud83d\ude42\n<br><br>F\u00fcr den Fall, dass ihr darauf im Moment keine Lust habt, und euch lieber erst noch ein bisschen auf unserer Homepage umsehen wollt, haben wir hier zum besseren Verst\u00e4ndnis die wichtigsten Abk\u00fcrzungen aufgelistet:\n<br><br>\n<strong>LARP<\/strong> meint den englischen Begriff LiveActionRolePlay und bedeutet Liverollenspiel. \n<br><br><strong>Con<\/strong> ist die Abk\u00fcrzung f\u00fcr Convention und bezeichnet ein Liverollenspiel-Event. Also ein Treffen vieler Leute, dC (s.u.) zu koordinieren und generell als Ansprechpartner zu fungieren. \n<br><br><strong>SC<\/strong> sind die SpielerCharaktere, also die Personen, die die Spieler auf dem Con darstellen. Jeder Spieler denkt sich vor dem Con einen Charakter aus und verk\u00f6rpert diesen dann w\u00e4hrend des Spiels. Dabei ist er frei von irgendwelchen Vorgaben und handelt einfach so, wie es f\u00fcr den Charakter logisch scheint.\n<br><br><strong>NSC<\/strong> dagegen sind Personen, die nicht ganz frei agieren: NichtSpielerCharaktere. Sie spielen quasi Statistenrollen und werden von der Spielleitung gelenkt. Die SL baut mit den NSC einen Handlungsstrang auf, um das Spiel in Fahrt zu halten. Die meisten NSC sind Feinde: Monster, R\u00e4uber, Orks, b\u00f6se Magier. Oft spielen sie aber auch einfach Personen, die f\u00fcr ein sch\u00f6nes Ambiente sorgen (Spielleute, H\u00e4ndler, Wirt), den Spielern Informationen andrehen oder sie einfach unterhalten sollen.\n<br><br><strong>IT<\/strong> bedeutet intime oder inplay. Damit meint man alles, was w\u00e4hrend des Spiels in der Welt und aus der Sicht der dargestellten Charaktere passiert.\n<br><br><strong>OT<\/strong> ist das Gegenst\u00fcck dazu: Es bedeutet outtime, also alles, was au\u00dferhalb des Spiels oder der Spiellogik passiert.ie live Rollen spielen \ud83d\ude42 \n<br><br><strong>SL<\/strong> ist die Spielleitung. Die ist dazu da, einen reibungslosen Spielablauf zu garantieren, Streitfragen w\u00e4hrend des Spiels schnell zu kl\u00e4ren, bestimmte Infos unter den Spielern zu verstreuen, NS<\/div>\n\t\t\t\t<\/div>\n\t\t\t\t\t\t\t<div class=\"elementor-accordion-item\">\n\t\t\t\t\t<div id=\"elementor-tab-title-1362\" class=\"elementor-tab-title\" data-tab=\"2\" role=\"button\" aria-controls=\"elementor-tab-content-1362\" aria-expanded=\"false\">\n\t\t\t\t\t\t\t\t\t\t\t\t\t<span class=\"elementor-accordion-icon elementor-accordion-icon-left\" aria-hidden=\"true\">\n\t\t\t\t\t\t\t\t\t\t\t\t\t\t\t<span class=\"elementor-accordion-icon-closed\"><i class=\"fas fa-plus\"><\/i><\/span>\n\t\t\t\t\t\t\t\t<span class=\"elementor-accordion-icon-opened\"><i class=\"fas fa-minus\"><\/i><\/span>\n\t\t\t\t\t\t\t\t\t\t\t\t\t\t<\/span>\n\t\t\t\t\t\t\t\t\t\t\t\t<a class=\"elementor-accordion-title\" tabindex=\"0\">Wie mache ich mit<\/a>\n\t\t\t\t\t<\/div>\n\t\t\t\t\t<div id=\"elementor-tab-content-1362\" class=\"elementor-tab-content elementor-clearfix\" data-tab=\"2\" role=\"region\" aria-labelledby=\"elementor-tab-title-1362\"><strong>Der O-V-Charakter<\/strong>\nO-V hei\u00dft &#8222;ohne Vorbereitung&#8220; und ist ein sehr vielversprechendes Charakterkonzept von Meister Habakuk aus dem Larp-Info-Forum.\n\n<a class=\"urllink\" href=\"https:\/\/forum.larpinfo.de\/read.php?f=31&amp;i=1906&amp;t=1900\" target=\"_blank\" rel=\"nofollow noopener\">Daher hier mal klicken, durchlesen, und wieder zur\u00fcckkommen \ud83d\ude42<\/a>\n\n<strong>Charakter \u00fcberlegen &#8211; was liegt euch?<\/strong>\n\u00dcberlegt euch, was ihr Lust habt, zu spielen. F\u00fcr den Anfang ist es ratsam, mit etwas Einfachem zu beginnen, und nicht gleich als Herzog anzufangen, denn das verlangt nach teurer Gewandung und Erfahrung in der Darstellung. Auch Magie ist eine Sache, die Anf\u00e4ngern oft nicht unbedingt leicht f\u00e4llt, ist aber auch nicht unm\u00f6glich. Nehmt etwas, das ihr darstellen k\u00f6nnt, beispielsweise den Sohn eines Handwerkers aus einem kleinen Dorf oder eine Zigeunerin. Denkt euch den Hintergrund eures Charakters aus: Woher kommt er, was will er, was treibt ihn an? Macht nicht den Fehler, irgendwelche Heldentaten bereits in die Charaktergeschichte zu integrieren, die unglaubw\u00fcrdig erscheinen, im Stil von &#8222;als ich damals den Drachen erschlug&#8230;&#8220;.\n\n<strong>Ausr\u00fcstung zulegen<\/strong>\nKlar, bevor ihr auf ein Con fahrt, braucht ihr entsprechende Gewandung. Gewandung (=also die Klamotten, die ihr anzieht :-)) ist IMMER wichtiger, als R\u00fcstung oder Waffen. Besorgt euch auf jeden Fall gute Gewandung, bevor irgendwelche R\u00fcstungsteile angeschafft werden, sonst kommt es zu peinlichen Situationen, wenn ihr gerade mal nicht auf dem Schlachtfeld steht und pl\u00f6tzlich im T-Shirt oder ger\u00fcstet an der Tafel sitzen m\u00fcsst. \ud83d\ude42\n\nAls erstes solltet ihr euch mal unsere <a class=\"wikilink\" title=\"\" href=\"https:\/\/widukinds-waechter.de\/gewandungscheck\/\">Grundprinzipien zum Thema Gewandung<\/a> durchlesen. Danach wisst ihr hoffentlich ungef\u00e4hr, wie gute Larp-Gewandung aussehen sollte.\n\nUm da dranzukommen gibt es zwei M\u00f6glichkeiten:\n\n* Zum einen kann man die Sachen im Internet kaufen. Ist nicht unbedingt billig, und man muss wissen, wo man kauft. Wer sich nicht auskennt, dem helfen wir gerne mit Tipps zu den richtigen H\u00e4ndlern.\n* Der von uns eher empfohlene Weg ist der, die Gewandung selbst zu n\u00e4hen. Das ist viel leichter, als man vielleicht zuerst denkt, und selbst wer zwei linke H\u00e4nde hat, sollte mit unserer Hilfe tolle Kleidung herstellen k\u00f6nnen. Vorteil: Wesentlich billiger und individueller!\n\n<strong>Passende Gruppe suchen oder Freunde motivieren<\/strong>\nDer Einstieg f\u00e4llt oft leichter, wenn man mit Freunden unterwegs ist. So hat man immer jemanden, wenn man &#8222;Anschlussprobleme&#8220; bekommt, die Sachen nicht so laufen wie man sie sich vorstellt etc. Au\u00dferdem herrscht in Gruppen meist eine famili\u00e4rere Atmosph\u00e4re, die auch einen v\u00f6llig ereignislosen Abend zu einem sch\u00f6nen Erlebnis werden lassen k\u00f6nnen.\n\nSelbstverst\u00e4ndlich k\u00f6nnt ihr aber auch ganz allein auf ein Con fahren, und den Sprung ins kalte Wasser wagen &#8211; das machen viele Leute so!\n\n\nSelbstverst\u00e4ndlich geben wir im Verein euch nat\u00fcrlich Hilfestellung wo immer m\u00f6glich und versuchen, euch einen guten Einstieg zu erm\u00f6glichen&#8230;\n\n<strong>Con raussuchen<\/strong>\nDa gibt&#8217;s eigentlich nur eine Adresse, n\u00e4mlich den <a class=\"urllink\" href=\"https:\/\/www.larpkalender.de\" target=\"_blank\" rel=\"nofollow noopener\">Larpkalender<\/a>. Da stehen so ziemlich alle \u00f6ffentlich zug\u00e4nglichen Events in Deutschland drin. Daneben gibt es noch private Einladungscons, f\u00fcr die einem als Einsteiger aber meist wohl die Connections fehlen.\n\n\nIhr k\u00f6nnt nat\u00fcrlich auch in unserem <a class=\"urllink\" href=\"https:\/\/www.widukinds-waechter.de\/phpBB3\/viewforum.php?f=13\" target=\"_blank\" rel=\"nofollow noopener\">Forum<\/a> nachschauen. Dort werden etliche Cons gepostet.\n\n<strong>Typische Anf\u00e4ngerfehler<\/strong>\nLARP ist kein Pen &amp; Paper (P&amp;P) Tischrollenspiel. Falls du keine Ahnung hast, was P&amp;P ist, kein Problem. Falls du es wei\u00dft: Im Larp gehen nur die Dinge, die du auch wirklich ohne Telling darstellen kannst (also niemals: &#8222;Du siehst jetzt wie ich in die Luft fliege etc&#8230;&#8220;). Eure Charaktergeschichte wird im Gegensatz zum P&amp;P in den meisten F\u00e4llen kaum jemanden interessieren, denn LARP lebt von der Darstellung. Der Hintergrund eures Charakters ist vor allem f\u00fcr euch wichtig, um die Motivationen und Ziele des Charakters zu erkennen, nicht so sehr f\u00fcr eure Mitspieler.\n\n\nSchwarz ist nicht cool sondern peinlich! Siehe auch <a class=\"wikilink\" title=\"\" href=\"https:\/\/widukinds-waechter.de\/gewandungscheck\/\">GewandungsCheck<\/a>.\n\n\nNinjas, Adelige, Schwarzmagier etc. sind keine geeigneten Anf\u00e4ngercharaktere. S\u00f6ldner ist ebenfalls schwer, denn \u00fcblicherweise hat es niemanden, der euch anwerben will.\n\n\nWaffen und R\u00fcstung sind keine Gewandung (nein, auch nicht bei Zwergen). Erst wenn die Gewandung passt (ca. 40 Euro oder weniger, wenn ihrs selbst macht) solltet ihr anfangen, euch Gedanken \u00fcber die Bewaffnung und R\u00fcstung eures Charakters zu machen. F\u00fcr den Anfang reicht es teils auch ganz ohne.\n\n\nNochmal wegen R\u00fcstung: Nur ein Kettenhemd sieht meistens nicht so gut aus. Wenn es zum Charakter passt, fangt mit dem Helm an. Jedenfalls f\u00fcr die gr\u00f6\u00dferen Schlachten ist das OT recht hilfreich, und es sieht 1000 mal besser aus, als der 100.te im Kettenhemd ohne sonst irgendetwas. Kein schwarzes Leder. Auch wenn ihr das m\u00f6glicherweise f\u00fcr cool haltet, es ist nicht mittelalterlich und sieht auf 100 m schon nach Motorrad-LARPER oder Anf\u00e4nger aus.\n\n\nZu den Waffen: Bastelt euch eine richtige komplette Scheide f\u00fcr eure Klingenwaffen. Die typischen &#8222;Schwerthalterchen&#8220; sehen daneben wirklich bl\u00f6de aus, und unpraktisch sind sie zudem noch. \u00dcberhaupt ist es ratsam, KEINERLEI Waffen in den G\u00fcrtel zu stecken, sondern f\u00fcr alles irgendeine Art Halter zu haben.\n\n\nZur Art der Waffen: KEINE KATANAS! \u00dcberhaupt ist es meist stilvoller, etwas anderes als ein Schwert zu eineinhalb H\u00e4nden zu f\u00fchren, weil das n\u00e4mlich die Standardwaffe im LARP ist. Kampfst\u00e4be, Speere, \u00c4xte, H\u00e4mmer etc. schaut auch alles gut aus und sind auch super Waffen. \ud83d\ude42\n\n\nMehr Infos zur Gewandung findet ihr unter <a class=\"wikilink\" title=\"\" href=\"https:\/\/widukinds-waechter.de\/gewandungscheck\/\">GewandungsCheck<\/a> und <a class=\"wikilink\" title=\"\" href=\"https:\/\/widukinds-waechter.de\/style-guide\/\">StyleGuide<\/a>.\n\n\nEbenfalls sehr empfehlenswert zu lesen ist <a class=\"wikilink\" title=\"\" href=\"https:\/\/widukinds-waechter.de\/spielstoerendes\/\">Spielstoerendes<\/a> &#8211; das ist eine Auflistung der am h\u00e4ufigsten gemachten Fehler, die leider nicht nur Anf\u00e4nger \u00fcberall bringen&#8230;\n\n<strong>Externe Links<\/strong>\nSehr wichtig: <a class=\"urllink\" href=\"https:\/\/www.larpwiki.de\/cgi-bin\/wiki.pl?AnfangenMitLarp\" target=\"_blank\" rel=\"nofollow noopener\">https:\/\/www.larpwiki.de\/cgi-bin\/wiki.pl?AnfangenMitLarp<\/a><\/div>\n\t\t\t\t<\/div>\n\t\t\t\t\t\t\t\t<\/div>\n\t\t\t\t\t\t<\/div>\n\t\t\t\t<\/div>\n\t\t\t\t\t<\/div>\n\t\t<\/div>\n\t\t\t\t<div class=\"elementor-column elementor-col-50 elementor-inner-column elementor-element elementor-element-26b0313\" data-id=\"26b0313\" data-element_type=\"column\" data-e-type=\"column\">\n\t\t\t<div class=\"elementor-widget-wrap elementor-element-populated\">\n\t\t\t\t\t\t<div class=\"elementor-element elementor-element-cb9caad elementor-widget elementor-widget-image\" data-id=\"cb9caad\" data-element_type=\"widget\" data-e-type=\"widget\" data-widget_type=\"image.default\">\n\t\t\t\t<div class=\"elementor-widget-container\">\n\t\t\t\t\t\t\t\t\t\t\t\t\t\t\t<img fetchpriority=\"high\" decoding=\"async\" width=\"1024\" height=\"683\" src=\"https:\/\/widukinds-waechter.de\/wp-content\/uploads\/2021\/01\/IMG_4791-1024x683.jpg\" class=\"attachment-large size-large wp-image-1094\" alt=\"\" srcset=\"https:\/\/widukinds-waechter.de\/wp-content\/uploads\/2021\/01\/IMG_4791-1024x683.jpg 1024w, https:\/\/widukinds-waechter.de\/wp-content\/uploads\/2021\/01\/IMG_4791-300x200.jpg 300w, https:\/\/widukinds-waechter.de\/wp-content\/uploads\/2021\/01\/IMG_4791-768x512.jpg 768w, https:\/\/widukinds-waechter.de\/wp-content\/uploads\/2021\/01\/IMG_4791-1536x1024.jpg 1536w, https:\/\/widukinds-waechter.de\/wp-content\/uploads\/2021\/01\/IMG_4791-2048x1365.jpg 2048w\" sizes=\"(max-width: 1024px) 100vw, 1024px\" \/>\t\t\t\t\t\t\t\t\t\t\t\t\t\t\t<\/div>\n\t\t\t\t<\/div>\n\t\t\t\t\t<\/div>\n\t\t<\/div>\n\t\t\t\t\t<\/div>\n\t\t<\/section>\n\t\t\t\t\t<\/div>\n\t\t<\/div>\n\t\t\t\t\t<\/div>\n\t\t<\/section>\n\t\t\t\t<\/div>\n\t\t","protected":false},"excerpt":{"rendered":"<p>Was ist LARP Erst einmal &#8211; und wer h\u00e4tte das gedacht &#8211; ist Liverollenspiel (LARP) ein Spiel. Im Grunde genommen ist es eine Art &#8220;Cowboy und Indianer&#8221; f\u00fcr Erwachsene. Wohl jeder hat sich als Kind mal eine Kriegsbemalung ins Gesicht gemalt, eine Feder in das Haar gesteckt und ist dann als &#8220;H\u00e4uptling Adlerauge&#8221; mit Freunden [&hellip;]<\/p>\n","protected":false},"author":1,"featured_media":0,"parent":0,"menu_order":0,"comment_status":"closed","ping_status":"closed","template":"","meta":{"footnotes":""},"class_list":["post-399","page","type-page","status-publish","hentry"],"_links":{"self":[{"href":"https:\/\/widukinds-waechter.de\/index.php?rest_route=\/wp\/v2\/pages\/399","targetHints":{"allow":["GET"]}}],"collection":[{"href":"https:\/\/widukinds-waechter.de\/index.php?rest_route=\/wp\/v2\/pages"}],"about":[{"href":"https:\/\/widukinds-waechter.de\/index.php?rest_route=\/wp\/v2\/types\/page"}],"author":[{"embeddable":true,"href":"https:\/\/widukinds-waechter.de\/index.php?rest_route=\/wp\/v2\/users\/1"}],"replies":[{"embeddable":true,"href":"https:\/\/widukinds-waechter.de\/index.php?rest_route=%2Fwp%2Fv2%2Fcomments&post=399"}],"version-history":[{"count":16,"href":"https:\/\/widukinds-waechter.de\/index.php?rest_route=\/wp\/v2\/pages\/399\/revisions"}],"predecessor-version":[{"id":1224,"href":"https:\/\/widukinds-waechter.de\/index.php?rest_route=\/wp\/v2\/pages\/399\/revisions\/1224"}],"wp:attachment":[{"href":"https:\/\/widukinds-waechter.de\/index.php?rest_route=%2Fwp%2Fv2%2Fmedia&parent=399"}],"curies":[{"name":"wp","href":"https:\/\/api.w.org\/{rel}","templated":true}]}}