{"id":674,"date":"2021-01-07T20:10:56","date_gmt":"2021-01-07T19:10:56","guid":{"rendered":"http:\/\/wp.widukinds-waechter.de\/?page_id=674"},"modified":"2021-10-07T17:41:01","modified_gmt":"2021-10-07T15:41:01","slug":"schatzmeister","status":"publish","type":"page","link":"https:\/\/widukinds-waechter.de\/?page_id=674","title":{"rendered":"Schatzmeister"},"content":{"rendered":"\t\t<div data-elementor-type=\"wp-page\" data-elementor-id=\"674\" class=\"elementor elementor-674\">\n\t\t\t\t\t\t<section class=\"elementor-section elementor-top-section elementor-element elementor-element-70dfcc9 elementor-section-boxed elementor-section-height-default elementor-section-height-default\" data-id=\"70dfcc9\" data-element_type=\"section\" data-e-type=\"section\">\n\t\t\t\t\t\t<div class=\"elementor-container elementor-column-gap-default\">\n\t\t\t\t\t<div class=\"elementor-column elementor-col-100 elementor-top-column elementor-element elementor-element-427c645\" data-id=\"427c645\" data-element_type=\"column\" data-e-type=\"column\">\n\t\t\t<div class=\"elementor-widget-wrap elementor-element-populated\">\n\t\t\t\t\t\t<div class=\"elementor-element elementor-element-850c2d6 elementor-widget elementor-widget-toggle\" data-id=\"850c2d6\" data-element_type=\"widget\" data-e-type=\"widget\" data-widget_type=\"toggle.default\">\n\t\t\t\t<div class=\"elementor-widget-container\">\n\t\t\t\t\t\t\t<div class=\"elementor-toggle\">\n\t\t\t\t\t\t\t<div class=\"elementor-toggle-item\">\n\t\t\t\t\t<div id=\"elementor-tab-title-1391\" class=\"elementor-tab-title\" data-tab=\"1\" role=\"button\" aria-controls=\"elementor-tab-content-1391\" aria-expanded=\"false\">\n\t\t\t\t\t\t\t\t\t\t\t\t<span class=\"elementor-toggle-icon elementor-toggle-icon-left\" aria-hidden=\"true\">\n\t\t\t\t\t\t\t\t\t\t\t\t\t\t\t<span class=\"elementor-toggle-icon-closed\"><i class=\"fas fa-caret-right\"><\/i><\/span>\n\t\t\t\t\t\t\t\t<span class=\"elementor-toggle-icon-opened\"><i class=\"elementor-toggle-icon-opened fas fa-caret-up\"><\/i><\/span>\n\t\t\t\t\t\t\t\t\t\t\t\t\t<\/span>\n\t\t\t\t\t\t\t\t\t\t\t\t<a class=\"elementor-toggle-title\" tabindex=\"0\">Bankverbindung<\/a>\n\t\t\t\t\t<\/div>\n\n\t\t\t\t\t<div id=\"elementor-tab-content-1391\" class=\"elementor-tab-content elementor-clearfix\" data-tab=\"1\" role=\"region\" aria-labelledby=\"elementor-tab-title-1391\"><blockquote>Unsere Bankverbindung findet ihr im <a class=\"urllink\" href=\"https:\/\/forum.widukinds-waechter.de\/viewtopic.php?f=23&amp;t=1876\" target=\"_blank\" rel=\"nofollow noopener\">Forum<\/a>. Dieser Bereich ist nur f\u00fcr Mitglieder einsehbar.<\/blockquote><\/div>\n\t\t\t\t<\/div>\n\t\t\t\t\t\t\t<div class=\"elementor-toggle-item\">\n\t\t\t\t\t<div id=\"elementor-tab-title-1392\" class=\"elementor-tab-title\" data-tab=\"2\" role=\"button\" aria-controls=\"elementor-tab-content-1392\" aria-expanded=\"false\">\n\t\t\t\t\t\t\t\t\t\t\t\t<span class=\"elementor-toggle-icon elementor-toggle-icon-left\" aria-hidden=\"true\">\n\t\t\t\t\t\t\t\t\t\t\t\t\t\t\t<span class=\"elementor-toggle-icon-closed\"><i class=\"fas fa-caret-right\"><\/i><\/span>\n\t\t\t\t\t\t\t\t<span class=\"elementor-toggle-icon-opened\"><i class=\"elementor-toggle-icon-opened fas fa-caret-up\"><\/i><\/span>\n\t\t\t\t\t\t\t\t\t\t\t\t\t<\/span>\n\t\t\t\t\t\t\t\t\t\t\t\t<a class=\"elementor-toggle-title\" tabindex=\"0\">Erstattung von Unkosten<\/a>\n\t\t\t\t\t<\/div>\n\n\t\t\t\t\t<div id=\"elementor-tab-content-1392\" class=\"elementor-tab-content elementor-clearfix\" data-tab=\"2\" role=\"region\" aria-labelledby=\"elementor-tab-title-1392\">Wie werden Unkosten erstattet?\nGelegentlich kommt es vor, dass jemand f\u00fcr den Verein etwas einkauft oder Fahrten f\u00fcr den Verein mit dem privaten PKW unternimmt. Um die so entstandenen Unkosten erstattet zu bekommen, gibt es ein Formular. Grunds\u00e4tzlich gilt, dass f\u00fcr jede Kostenerstattung ein Beleg n\u00f6tig ist. Das sind i.d.R. Kassenzettel oder Eigenbelege (bei Fahrtkosten).\n\n1. Belege Sammeln und durchnumerieren\n2. <a href=\"http:\/\/widukinds-waechter.de\/wp-content\/uploads\/2021\/01\/Beleg.xls\">Kostenerstattungsformular<\/a> ausf\u00fcllen, ausdrucken und unterschreiben\n3. Belege auf die R\u00fcckseite des Formulars oder auf ein extra A4-Blatt kleben\n4. Formular und aufgeklebte Belege dem Schatzmeister zukommen lassen.\n\n&#8220;&#8217;H I N W E I S:&#8220;&#8216;\nIch nehme nicht l\u00e4nger Abrechnungen an, die aus losen Bl\u00e4ttern bestehen bzw. nicht im A4-Format sind. Folgende Dinge sind nicht statthaft:\n&#8211; Einzelne Kassenzettel die nicht auf ein A4-Blatt geklebt sind.\n&#8211; Belege, die so zusammen getackert sind, dass sie nicht ohne weiteres einscannbar sind.\n&#8211; A4-Bl\u00e4tter die nicht per Tacker zusammen geheftet sind.\n&#8211; Kassenzettel, auf denen sowohl Vereinsausgaben als auch private gemischt sind.\n<blockquote>Im Zweifelsfall bitte mich fragen.<\/blockquote><\/div>\n\t\t\t\t<\/div>\n\t\t\t\t\t\t\t<div class=\"elementor-toggle-item\">\n\t\t\t\t\t<div id=\"elementor-tab-title-1393\" class=\"elementor-tab-title\" data-tab=\"3\" role=\"button\" aria-controls=\"elementor-tab-content-1393\" aria-expanded=\"false\">\n\t\t\t\t\t\t\t\t\t\t\t\t<span class=\"elementor-toggle-icon elementor-toggle-icon-left\" aria-hidden=\"true\">\n\t\t\t\t\t\t\t\t\t\t\t\t\t\t\t<span class=\"elementor-toggle-icon-closed\"><i class=\"fas fa-caret-right\"><\/i><\/span>\n\t\t\t\t\t\t\t\t<span class=\"elementor-toggle-icon-opened\"><i class=\"elementor-toggle-icon-opened fas fa-caret-up\"><\/i><\/span>\n\t\t\t\t\t\t\t\t\t\t\t\t\t<\/span>\n\t\t\t\t\t\t\t\t\t\t\t\t<a class=\"elementor-toggle-title\" tabindex=\"0\">Fahrtkosten<\/a>\n\t\t\t\t\t<\/div>\n\n\t\t\t\t\t<div id=\"elementor-tab-content-1393\" class=\"elementor-tab-content elementor-clearfix\" data-tab=\"3\" role=\"region\" aria-labelledby=\"elementor-tab-title-1393\"><blockquote>Erstattungsf\u00e4hig sind Fahrten wenn ihr z.B. Material zu einem Markt fahrt. Im Zweifelsfalle fragt bitte vor einer Fahrt beim Vorstand oder AG-Leiter nach.<\/blockquote>\n<blockquote>Jeder gefahrene Kilometer wird derzeit mit 0,27 EUR verg\u00fctet (Transporter, oder PWK + Anh\u00e4nger 0,32 EUR).\nZusatzkosten (z.B. Maut, F\u00e4hren, Parktickets, jedoch KEINE Tankquittungen oder Abschlepp-\/Werkstattkosten) sind extra erstattungsf\u00e4hig.<\/blockquote>\n<blockquote>1. Anzahl der gefahrenen Kilometer merken\n2. <a href=\"http:\/\/wp.widukinds-waechter.de\/wp-content\/uploads\/2021\/01\/Fahrtkostenbeleg.xls\">Fahrtkostenbeleg<\/a> ausf\u00fcllen, ausdrucken und unterschreiben\n3. <a href=\"http:\/\/wp.widukinds-waechter.de\/wp-content\/uploads\/2021\/01\/Beleg.xls\">Kostenerstattungsformular<\/a> ausf\u00fcllen, ausdrucken und unterschreiben<\/blockquote><\/div>\n\t\t\t\t<\/div>\n\t\t\t\t\t\t\t<div class=\"elementor-toggle-item\">\n\t\t\t\t\t<div id=\"elementor-tab-title-1394\" class=\"elementor-tab-title\" data-tab=\"4\" role=\"button\" aria-controls=\"elementor-tab-content-1394\" aria-expanded=\"false\">\n\t\t\t\t\t\t\t\t\t\t\t\t<span class=\"elementor-toggle-icon elementor-toggle-icon-left\" aria-hidden=\"true\">\n\t\t\t\t\t\t\t\t\t\t\t\t\t\t\t<span class=\"elementor-toggle-icon-closed\"><i class=\"fas fa-caret-right\"><\/i><\/span>\n\t\t\t\t\t\t\t\t<span class=\"elementor-toggle-icon-opened\"><i class=\"elementor-toggle-icon-opened fas fa-caret-up\"><\/i><\/span>\n\t\t\t\t\t\t\t\t\t\t\t\t\t<\/span>\n\t\t\t\t\t\t\t\t\t\t\t\t<a class=\"elementor-toggle-title\" tabindex=\"0\">Kassenzettel<\/a>\n\t\t\t\t\t<\/div>\n\n\t\t\t\t\t<div id=\"elementor-tab-content-1394\" class=\"elementor-tab-content elementor-clearfix\" data-tab=\"4\" role=\"region\" aria-labelledby=\"elementor-tab-title-1394\"><blockquote>Klebt bitte die Kassenzettel auf die R\u00fcckseite des Formulars oder auf ein extra A4-Blatt.<\/blockquote><blockquote><br \/>Bitte vermeidet es, private Ausgaben und Vereinsausgaben auf einem Kassenzettel zu haben. Wenn ihr im Laden sowohl private als auch Vereinssachen einkauft, macht bitte 2 Kassenvorg\u00e4nge draus.<\/blockquote><blockquote><br \/>Bitte vermeidet es, Ausgaben mehrerer Bereiche in einer Abrechnung zu haben. Wenn ihr also beispielsweise f\u00fcr Mittelalterm\u00e4rkte etwas einkauft und gleichzeitig auch noch etwas f\u00fcrs Larp-Basteln, macht bitte zwei Abrechnungen draus.<\/blockquote><blockquote><br \/>Bitte rechnet zeitnah ab. Wenn ihr erst Monate nach der Ausgabe abrechnet, erschwert das die Nachvollziehbarkeit nur unn\u00f6tig. Sehr ungern m\u00f6chte ich Abrechnungen aus einem Vorjahr versp\u00e4tet bearbeiten m\u00fcssen.<\/blockquote><\/div>\n\t\t\t\t<\/div>\n\t\t\t\t\t\t\t<div class=\"elementor-toggle-item\">\n\t\t\t\t\t<div id=\"elementor-tab-title-1395\" class=\"elementor-tab-title\" data-tab=\"5\" role=\"button\" aria-controls=\"elementor-tab-content-1395\" aria-expanded=\"false\">\n\t\t\t\t\t\t\t\t\t\t\t\t<span class=\"elementor-toggle-icon elementor-toggle-icon-left\" aria-hidden=\"true\">\n\t\t\t\t\t\t\t\t\t\t\t\t\t\t\t<span class=\"elementor-toggle-icon-closed\"><i class=\"fas fa-caret-right\"><\/i><\/span>\n\t\t\t\t\t\t\t\t<span class=\"elementor-toggle-icon-opened\"><i class=\"elementor-toggle-icon-opened fas fa-caret-up\"><\/i><\/span>\n\t\t\t\t\t\t\t\t\t\t\t\t\t<\/span>\n\t\t\t\t\t\t\t\t\t\t\t\t<a class=\"elementor-toggle-title\" tabindex=\"0\">Wie kommt die Abrechnung zum Schatzmeister?<\/a>\n\t\t\t\t\t<\/div>\n\n\t\t\t\t\t<div id=\"elementor-tab-content-1395\" class=\"elementor-tab-content elementor-clearfix\" data-tab=\"5\" role=\"region\" aria-labelledby=\"elementor-tab-title-1395\"><blockquote>Entweder ihr gebt sie einem der Vorst\u00e4nde oder ihr schickt sie direkt an den Verein.<\/blockquote><blockquote><br \/>Widukinds W\u00e4chter e.V.<br \/>Kerbelbreite 31<br \/>39116 Magdeburg<\/blockquote><blockquote><br \/>Wenn ihr Fragen habt, schreibt mir am besten eine Mail an die info@&#8230; &#8211; Adresse.<br \/>Euer Hendrik.<\/blockquote><\/div>\n\t\t\t\t<\/div>\n\t\t\t\t\t\t\t\t<\/div>\n\t\t\t\t\t\t<\/div>\n\t\t\t\t<\/div>\n\t\t\t\t\t<\/div>\n\t\t<\/div>\n\t\t\t\t\t<\/div>\n\t\t<\/section>\n\t\t\t\t<\/div>\n\t\t","protected":false},"excerpt":{"rendered":"<p>Bankverbindung Unsere Bankverbindung findet ihr im Forum. Dieser Bereich ist nur f\u00fcr Mitglieder einsehbar. Erstattung von Unkosten Wie werden Unkosten erstattet? Gelegentlich kommt es vor, dass jemand f\u00fcr den Verein etwas einkauft oder Fahrten f\u00fcr den Verein mit dem privaten PKW unternimmt. Um die so entstandenen Unkosten erstattet zu bekommen, gibt es ein Formular. Grunds\u00e4tzlich [&hellip;]<\/p>\n","protected":false},"author":1,"featured_media":0,"parent":0,"menu_order":0,"comment_status":"closed","ping_status":"closed","template":"","meta":{"footnotes":""},"class_list":["post-674","page","type-page","status-publish","hentry"],"_links":{"self":[{"href":"https:\/\/widukinds-waechter.de\/index.php?rest_route=\/wp\/v2\/pages\/674","targetHints":{"allow":["GET"]}}],"collection":[{"href":"https:\/\/widukinds-waechter.de\/index.php?rest_route=\/wp\/v2\/pages"}],"about":[{"href":"https:\/\/widukinds-waechter.de\/index.php?rest_route=\/wp\/v2\/types\/page"}],"author":[{"embeddable":true,"href":"https:\/\/widukinds-waechter.de\/index.php?rest_route=\/wp\/v2\/users\/1"}],"replies":[{"embeddable":true,"href":"https:\/\/widukinds-waechter.de\/index.php?rest_route=%2Fwp%2Fv2%2Fcomments&post=674"}],"version-history":[{"count":25,"href":"https:\/\/widukinds-waechter.de\/index.php?rest_route=\/wp\/v2\/pages\/674\/revisions"}],"predecessor-version":[{"id":1815,"href":"https:\/\/widukinds-waechter.de\/index.php?rest_route=\/wp\/v2\/pages\/674\/revisions\/1815"}],"wp:attachment":[{"href":"https:\/\/widukinds-waechter.de\/index.php?rest_route=%2Fwp%2Fv2%2Fmedia&parent=674"}],"curies":[{"name":"wp","href":"https:\/\/api.w.org\/{rel}","templated":true}]}}